 - 8*k**2 + 5*k - 33. Give x(8).
7
Let d(g) = g - 1. Calculate d(5).
4
Let w(d) = 2*d**3 - d**2 + 3*d - 2. What is w(2)?
16
Let y(x) = -x**3 + 11*x**2 + 2*x - 29. What is y(11)?
-7
Let w(p) = 4*p - 19. What is w(3)?
-7
Let g(k) = -k**3 + 22*k**2 - 2*k + 53. Calculate g(22).
9
Let a(m) = -m**3 - 6*m**2 - m + 4. Determine a(-6).
10
Let k(c) = 4*c - 28. Give k(5).
-8
Let z(u) = u**3 + 8*u**2 + 4*u + 26. What is z(-8)?
-6
Let t(s) = -3*s - 17. Determine t(-7).
4
Let o(p) = -3*p + 2. What is o(-5)?
17
Let z(y) = 6*y - 9. Give z(-6).
-45
Let y(f) = f**3 - 8*f**2 - 2*f + 19. Calculate y(8).
3
Let p(v) = v + 4. What is p(2)?
6
Let t(a) = -a**3 + 6*a**2 + 11*a - 5. Give t(7).
23
Let f(r) = 9*r - 196. Give f(22).
2
Let d(j) = -2*j**2 + 79*j - 28. Give d(39).
11
Let i(m) = -6*m**2 - 32*m + 15. Give i(-6).
-9
Let u(y) = -4*y - 3. Determine u(7).
-31
Let a(d) = -d**2 + 16*d + 25. Calculate a(17).
8
Let r(b) = b**3 - 7*b**2 + 5*b + 3. Determine r(6).
-3
Let d(v) = v**3 - 5*v**2 - 2*v + 2. What is d(4)?
-22
Let x(b) = -b**3 + 10*b**2 - 12*b + 18. Give x(8).
50
Let b(h) = -7*h**2 + 59*h - 18. What is b(8)?
6
Let l(d) = -27*d - 2. Calculate l(2).
-56
Let v(g) = -3*g**3 - 8*g**2 + 11*g + 16. Give v(-3).
-8
Let l(n) = -n**3 + 13*n**2 - 22*n - 4. Give l(7).
136
Let x(g) = -g**3 - 13*g**2 - g - 2. Determine x(-13).
11
Let l(q) = -68*q - 72. Determine l(-1).
-4
Let n(r) = -2*r**2 + 5*r - 12. Give n(4).
-24
Let i(c) = -3*c**3 + 4*c**2 - 3*c + 2. What is i(3)?
-52
Let o(r) = 76*r + 222. Calculate o(-3).
-6
Let r(w) = w**3 + w**2. Determine r(0).
0
Let l(a) = -14*a - 7. What is l(-1)?
7
Let o(q) = q**2 - 61*q + 557. Give o(50).
7
Let f(h) = -h**3 - 14*h**2 + 5*h + 10. Determine f(-14).
-60
Let n(j) = j**3 - 24*j**2 - 24*j - 26. Give n(25).
-1
Let v(o) = o**2 - 17*o + 6. What is v(18)?
24
Let v(c) = c**3 + 22*c**2 - 48*c. Give v(-24).
0
Let a(y) = y**3 - 4*y**2 + 2*y - 1. Determine a(3).
-4
Let j(g) = 44*g + 267. Give j(-6).
3
Let o(m) = m**2 + 9*m - 10. Determine o(-10).
0
Let m(n) = n**3 + 17*n**2 + 18*n + 33. Calculate m(-16).
1
Let d(t) = t**3 + 5*t**2 - 6*t + 3. What is d(-6)?
3
Let p(n) = 13*n + 18. Give p(-2).
-8
Let g(t) = 24*t - 499. What is g(21)?
5
Let f(a) = a**3 + 18*a**2 - a + 18. Give f(-18).
36
Let x(j) = -5*j - 53. Give x(-13).
12
Let f(j) = 4*j + 120. Give f(-30).
0
Let c(g) = 4*g - 17. What is c(6)?
7
Let a(k) = -k**3 - 10*k**2 + 10*k - 13. Give a(-11).
-2
Let n(z) = z**3 - 5*z**2 - 3*z + 3. Give n(6).
21
Let i(h) = -22*h - 39. Give i(-3).
27
Let w(h) = -2*h**3 - 8*h**2 + 4*h - 1. Determine w(-4).
-17
Let o(z) = -z**2 - 12*z - 26. Determine o(-6).
10
Let q(t) = 11*t + 9. Determine q(-1).
-2
Let p(k) = -k + 13. Calculate p(14).
-1
Let j(z) = -7*z + 44. Give j(6).
2
Let p(s) = 80*s - 569. Determine p(7).
-9
Let u(p) = p**2 - 2*p - 9. Calculate u(3).
-6
Let k(s) = s - 3. Determine k(-6).
-9
Let f(g) = g**3 + 20*g**2 + 19*g - 10. Determine f(-19).
-10
Let j(u) = 24*u + 127. Calculate j(-5).
7
Let o(b) = -5*b - 13. What is o(-4)?
7
Let j(r) = r**2 - 7*r + 43. What is j(7)?
43
Let x(s) = -s**2 + s + 4. Calculate x(-4).
-16
Let f(g) = -g - 1. Determine f(-5).
4
Let m(z) = -z + 8. Determine m(-5).
13
Let u(m) = m**2 + m - 16. What is u(3)?
-4
Let a(g) = 4*g**2 + 23*g + 6. What is a(-6)?
12
Let u(g) = -15*g. Determine u(1).
-15
Let k(n) = -n**2 + 10*n + 24. Determine k(11).
13
Let a(r) = -r**3 - 3*r**2 + 3*r - 1. What is a(-4)?
3
Let z(a) = -a**2 - 22*a - 70. Calculate z(-17).
15
Let s(g) = g**2 + g - 25. Calculate s(-8).
31
Let j(c) = -c**2 + 8*c - 14. Calculate j(5).
1
Let i(o) = -o**2 + 5*o + 1. Determine i(3).
7
Let v(a) = -a**3 - 24*a**2 - a - 20. What is v(-24)?
4
Let t(i) = -i + 3. What is t(-5)?
8
Let b(i) = -i**2 - 7*i + 11. Calculate b(-5).
21
Let a(i) = -i**3 + 6*i**2 + 17*i - 14. Calculate a(8).
-6
Let q(a) = -9*a + 99. Determine q(10).
9
Let h(f) = -2*f**2 + 5*f - 1. Calculate h(2).
1
Let h(f) = -5*f**2. Calculate h(-1).
-5
Let v(o) = -o**3 - 13*o**2 - 10*o - 27. Give v(-12).
-51
Let y(f) = -2*f**2 + 24*f - 22. Determine y(11).
0
Let u(x) = 100*x + 295. Calculate u(-3).
-5
Let o(n) = n - 2. Give o(2).
0
Let z(t) = -2*t**3 - t**2 + 6*t - 4. Give z(1).
-1
Let i(j) = -3*j + 43. Determine i(16).
-5
Let a(h) = h**2 - 15*h - 19. Determine a(14).
-33
Let v(q) = -2*q**2 + 7*q - 12. Calculate v(4).
-16
Let p(q) = q**3 + 10*q**2 - 8*q + 3. Give p(-10).
83
Let l(q) = q**3 - 6*q - 1. Determine l(-2).
3
Let k(c) = -c**3 + 10*c**2 - 9*c + 6. What is k(9)?
6
Let q(u) = -10*u - 2. Calculate q(1).
-12
Let v(u) = u**3 - 14*u**2 + 18*u - 46. Give v(13).
19
Let s(u) = -u**2 + 9*u - 15. Determine s(6).
3
Let j(b) = 5*b**2 + 3*b + 1. Give j(-2).
15
Let y(r) = r - 6. Determine y(0).
-6
Let f(b) = -3*b + 47. What is f(6)?
29
Let g(z) = 3*z - 6. Determine g(4).
6
Let i(b) = -b**3 + 7*b**2 - 7*b - 19. Determine i(4).
1
Let j(f) = 4*f**2 - 65*f + 7. Calculate j(16).
-9
Let i(z) = -z**3 + 13*z**2 - 12*z - 7. Calculate i(12).
-7
Let u(k) = -2*k**3 - 24*k**2 + 3*k + 15. Give u(-12).
-21
Let l(v) = -v**2 + 9*v - 12. Give l(5).
8
Let p(f) = -2*f**2 + 4*f + 4. Give p(-5).
-66
Let s(j) = j**3 - 18*j**2 - 5. Determine s(18).
-5
Let t(i) = -i**2 + 13. Give t(0).
13
Let i(t) = 5*t + 19. Calculate i(-6).
-11
Let k(q) = -2*q + 10. What is k(6)?
-2
Let t(c) = c + 7. Determine t(9).
16
Let h(r) = r**3 - 20*r**2 + 29*r + 50. What is h(18)?
-76
Let h(i) = -2*i**3 - 26*i**2 - i - 5. Determine h(-13).
8
Let c(o) = o**2 + 3*o - 10. Determine c(-5).
0
Let p(x) = x**2 - 13*x + 21. Give p(9).
-15
Let a(n) = n**3 - 11*n**2 - 15. Calculate a(11).
-15
Let b(j) = -j**3 - 9*j**2 + 8*j + 5. Determine b(-10).
25
Let b(o) = 14*o + 45. Calculate b(-9).
-81
Let v(g) = 2*g**2 - 5*g + 3. What is v(3)?
6
Let f(c) = 3*c - 20. Give f(-7).
-41
Let u(l) = l**2 + 8*l + 2. What is u(-4)?
-14
Let s(i) = -i**2 - 12*i. What is s(-12)?
0
Let p(w) = w**3 - 9*w**2 - 10*w + 5. What is p(10)?
5
Let q(i) = -i**3 + 6*i**2 + 2*i + 7. Calculate q(5).
42
Let v(u) = 5*u + 2. Calculate v(-6).
-28
Let m(o) = -o**2 + 6*o - 64. Determine m(10).
-104
Let b(a) = -a**3 - 22*a**2 - 40*a - 39. Calculate b(-20).
-39
Let p(a) = 3*a**2 + 4*a - 3. Calculate p(2).
17
Let p(d) = -d**2 - 3*d - 3. Determine p(-1).
-1
Let m(w) = 4*w + 18. Determine m(-5).
-2
Let b(p) = p**3 - 8*p**2 + 7*p + 8. Determine b(7).
8
Let d(a) = a**3 - 25*a**2 + 46*a - 1. What is d(23)?
-1
Let u(i) = -i**3 - 14*i**2 + 2*i + 33. What is u(-14)?
5
Let a(y) = -y**3 + 2*y - 3. What is a(3)?
-24
Let y(h) = -32*h**2 - h + 1. Give y(1).
-32
Let h(f) = -4*f + 13. Calculate h(9).
-23
Let i(l) = l**3 + 3*l + 97. Calculate i(0).
97
Let i(w) = -2*w**2 - 11*w + 4. Determine i(-8).
-36
Let l(o) = 20*o**2 - 719*o - 38. What is l(36)?
-2
Let o(j) = -2*j - 87. Determine o(-18).
-51
Let b(g) = -5*g - 8. Determine b(-7).
27
Let n(m) = 3*m**2 + 12*m - 3. Determine n(-4).
-3
Let t(f) = -f**2 - 26*f + 234. What is t(-33)?
3
Let d(b) = -b + 8. Calculate d(-7).
15
Let y(d) = -4*d**2 - 36*d - 36. Give y(-1).
-4
Let i(n) = 6*n + 12. Determine i(-15).
-78
Let u(h) = -5*h - 14. What is u(-4)?
6
Let h(c) = 6*c + 11. What is h(-6)?
-25
Let u(x) = -x**2 - 6*x + 32. Determine u(-10).
-8
Let t(d) = d**2 + d + 16. Give t(0).
16
Let r(d) = -d**2 + 15*d - 13. Calculate r(11).
31
Let p(c) = -10*c + 201. Give p(20).
1
Let p(f) = -3*f - 11. Give p(7).
-32
Let r(v) = v**3 - v**2 - 3. Calculate r(0).
-3
Let k(g) = -g**2 - 2*g + 40. Calculate k(-7).
5
Let g(b) = 30*b**2 + b. What is g(-1)?
29
Let v(s) = -5*s**2 - 8*s + 16. Calculate v(-6).
-116
Let x(f) = f**2 + 11*f - 12. Determine x(-12).
0
Let h(q) = 10*q + 5. Determine h(-3).
-25
Let o(n) = -3*n - 7. Determine o(4).
-19
Let c(i) = -i**3 - 6*i**2 + 5*i + 29. Calculate c(-6).
-1
Let v(y) = -18*y + 46. What is v(3)?
-8
Let p(b) = 2*b**2 - 8*b + 12. Determine p(3).
6
Let k(s) = 16*s**2 + 2*s + 1. What is k(-1)?
15
Let q(x) = -x**2 - 3*x - 5. What is q(9)?
-113
Let r(j) = j**2 + 8*j + 13. Determine r(-4).
-3
Let z(u) = u**2 + 10*u - 7. Calculate z(-10).
-7
Let f(m) = -m**3 - 3*m**2 - 5*m. Give f(-4).
36
Let v(d) = -d**3 - 7*d**2 - 3*d - 20. Give v(-6).
-38
Let q(x) = x**3 + 6*x**2 + 4*x + 6. Give q(-6).
-18
Let r(f) = f**3 - 8*f**2 + 6. What is r(8)?
6
Let y(g) = -g**2 - 21*g - 110. Give y(-11).
0
Let q(h) = h**2 + 28*h - 65. What is q(-33)?
100
Let z(a) 